prime factors of 8424347?
547, 15401
List the prime factors of 89866911.
3, 23, 29, 97, 463
List the prime factors of 1680095372.
2, 2417, 173779
What are the prime factors of 2091282027?
3, 73, 83, 103, 1117
List the prime factors of 213850190.
2, 5, 4283, 4993
List the prime factors of 382665845.
5, 421, 181789
What are the prime factors of 49545744?
2, 3, 241, 4283
What are the prime factors of 481615?
5, 96323
List the prime factors of 5355424481.
11, 113, 4308467
List the prime factors of 3664345.
5, 181, 4049
List the prime factors of 59236163.
7, 107, 79087
List the prime factors of 1733677.
11, 17, 73, 127
What are the prime factors of 4510360764?
2, 3, 7, 13, 1376789
What are the prime factors of 599590887?
3, 7, 23, 1241389
What are the prime factors of 924516517?
924516517
List the prime factors of 28582621.
307, 93103
List the prime factors of 1742751090.
2, 3, 5, 17, 61, 71, 263
What are the prime factors of 438266228?
2, 83, 643, 2053
What are the prime factors of 14517774?
2, 3, 806543
List the prime factors of 18249844.
2, 883, 5167
List the prime factors of 20888985.
3, 5, 13, 107123
List the prime factors of 2154142855.
5, 23, 1579, 11863
What are the prime factors of 1659786539?
39563, 41953
What are the prime factors of 19458633?
3, 37, 175303
What are the prime factors of 478712275?
5, 2243, 8537
List the prime factors of 176715140.
2, 5, 7, 1051, 1201
List the prime factors of 48582465.
3, 5, 3238831
List the prime factors of 762617938.
2, 381308969
What are the prime factors of 51299916?
2, 3, 31, 239, 577
What are the prime factors of 1748317425?
3, 5, 23310899
What are the prime factors of 789748357?
19, 127, 327289
What are the prime factors of 18773361?
3, 2085929
What are the prime factors of 140390122?
2, 199, 352739
What are the prime factors of 5867816361?
3, 11, 151, 293, 4019
What are the prime factors of 2025647242?
2, 397, 877, 2909
What are the prime factors of 4622071?
313, 14767
List the prime factors of 228341024.
2, 1601, 4457
What are the prime factors of 1086376491?
3, 1583, 76253
List the prime factors of 6035910175.
5, 241436407
What are the prime factors of 1115022015?
3, 5, 29, 854423
What are the prime factors of 1274767557?
3, 7, 283, 214499
List the prime factors of 3312616012.
2, 828154003
What are the prime factors of 10957645?
5, 2191529
What are the prime factors of 1586447630?
2, 5, 31, 165083
What are the prime factors of 3266767843?
29, 67, 97, 17333
List the prime factors of 3778049321.
3778049321
List the prime factors of 2628843224.
2, 7, 4241, 11069
What are the prime factors of 145516556?
2, 1069, 34031
What are the prime factors of 43516594?
2, 11, 1978027
List the prime factors of 5854420683.
3, 409, 523, 3041
What are the prime factors of 110429775?
3, 5, 193, 2543
What are the prime factors of 2684004822?
2, 3, 211, 233, 337
What are the prime factors of 744870877?
744870877
What are the prime factors of 70190620?
2, 5, 17, 43, 4801
What are the prime factors of 398668723?
59, 311, 21727
What are the prime factors of 47284474?
2, 223, 106019
What are the prime factors of 43649412?
2, 3, 643, 5657
List the prime factors of 513240269.
2593, 197933
What are the prime factors of 385873676?
2, 96468419
List the prime factors of 437540094.
2, 3, 19, 1279357
List the prime factors of 253466326.
2, 251, 269, 1877
List the prime factors of 209991571.
227, 925073
List the prime factors of 2698238351.
17, 8707, 18229
List the prime factors of 2062828559.
11, 187529869
What are the prime factors of 348852304?
2, 3359, 6491
List the prime factors of 542652899.
67, 487, 16631
What are the prime factors of 357488499?
3, 109, 1093237
What are the prime factors of 51682416?
2, 3, 1076717
List the prime factors of 542163875.
5, 11, 353, 1117
What are the prime factors of 1565171303?
19, 82377437
List the prime factors of 32167377.
3, 11, 73, 4451
What are the prime factors of 16118533?
17, 948149
List the prime factors of 563499.
3, 17, 29, 127
What are the prime factors of 1848678484?
2, 677, 682673
What are the prime factors of 335012325?
3, 5, 59, 75709
What are the prime factors of 3175372248?
2, 3, 227, 582851
What are the prime factors of 218211576?
2, 3, 11, 826559
What are the prime factors of 1340406653?
101, 2539, 5227
What are the prime factors of 3703419033?
3, 269, 4589119
What are the prime factors of 979259697?
3, 13, 137, 199, 307
List the prime factors of 47521734.
2, 3, 13, 609253
List the prime factors of 31098604.
2, 7774651
List the prime factors of 1642568886.
2, 3, 7, 19, 98017
List the prime factors of 108451331.
108451331
List the prime factors of 114713928.
2, 3, 7, 75869
What are the prime factors of 118823912?
2, 14852989
List the prime factors of 178008585.
3, 5, 11867239
What are the prime factors of 796091781?
3, 47, 139, 151, 269
What are the prime factors of 14303450?
2, 5, 7, 40867
What are the prime factors of 5406371?
53, 83, 1229
List the prime factors of 615284537.
7, 751, 117041
List the prime factors of 116280088.
2, 23, 101, 6257
What are the prime factors of 7752405?
3, 5, 257, 2011
List the prime factors of 77495890.
2, 5, 43, 229, 787
List the prime factors of 1436541354.
2, 3, 37, 41, 52609
What are the prime factors of 1649443775?
5, 7, 97, 97169
What are the prime factors of 45980325?
3, 5, 17, 4007
What are the prime factors of 5046244067?
19, 317, 643, 1303
What are the prime factors of 2029799?
2029799
What are the prime factors of 282933957?
3, 94311319
What are the prime factors of 5950088?
2, 701, 1061
List the prime factors of 191095735.
5, 38219147
List the prime factors of 38345903.
3797, 10099
List the prime factors of 17020116.
2, 3, 31, 101, 151
List the prime factors of 695569620.
2, 3, 5, 17, 681931
List the prime factors of 20783719.
11, 1889429
What are the prime factors of 979866193?
601, 1630393
What are the prime factors of 361102819?
7, 11, 137, 34231
List the prime factors of 177867323.
177867323
List the prime factors of 39565519.
7, 83, 68099
List the prime factors of 38842472.
2, 1013, 4793
What are the prime factors of 1437762049?
1437762049
What are the prime factors of 496508819?
593, 837283
List the prime factors of 17741577.
3, 7, 120691
List the prime factors of 469706975.
5, 18788279
What are the prime factors of 358753635?
3, 5, 17, 29, 103, 157
List the prime factors of 250673471.
31, 1063, 7607
What are the prime factors of 826688435?
5, 53, 887, 3517
What are the prime factors of 42046380?
2, 3, 5, 233591
What are the prime factors of 590237478?
2, 3, 797, 41143
List the prime factors of 5372875.
5, 53, 811
What are the prime factors of 1491741669?
3, 11, 31, 1458203
List the prime factors of 781714942.
2, 390857471
List the prime factors of 538424103.
3, 7, 211, 17359
What are the prime factors of 6899733050?
2, 5, 7, 17, 173, 6703
List the prime factors of 479064504.
2, 3, 19961021
List the prime factors of 157638038.
2, 31, 2542549
List the prime factors of 2241711686.
2, 211, 229, 23197
List the prime factors of 27172807.
541, 50227
List the prime factors of 39087917.
11, 3553447
List the prime factors of 86843976.
2, 3, 3618499
What are the prime factors of 409829554?
2, 204914777
What are the prime factors of 98236826?
2, 49118413
What are the prime factors of 307955550?
2, 3, 5, 7, 31, 9461
List the prime factors of 2988226949.
3301, 905249
List the prime factors of 721451930.
2, 5, 617, 116929
What are the prime factors of 195986376?
2, 3, 2722033
What are the prime factors of 1518891776?
2, 5933171
What are the prime factors of 7064818551?
3, 7, 67, 1673731
What are the prime factors of 2309260248?
2, 3, 157, 281, 727
What are the prime factors of 1347943738?
2, 47, 83, 197, 877
List the prime factors of 1646251897.
227, 2441, 2971
List the prime factors of 477422570.
2, 5, 67, 712571
What are the prime factors of 4235594955?
3, 5, 59, 1321, 3623
What are the prime factors of 674205138?
2, 3, 239, 156719
List the prime factors of 368659652.
2, 569, 161977
What are the prime factors of 401734815?
3, 5, 3923, 6827
List the prime factors of 543524840.
2, 5, 13588121
List the prime factors of 55829832.
2, 3, 23, 101141
What are the prime factors of 448047101?
569, 787429
List the prime factors of 70675465.
